er when 308 is divided by 99?
11
Calculate the remainder when 582 is divided by 40.
22
What is the remainder when 64 is divided by 33?
31
What is the remainder when 273 is divided by 168?
105
What is the remainder when 1414 is divided by 4?
2
What is the remainder when 201 is divided by 13?
6
What is the remainder when 3197 is divided by 63?
47
What is the remainder when 198 is divided by 35?
23
What is the remainder when 176 is divided by 48?
32
What is the remainder when 2663 is divided by 62?
59
What is the remainder when 679 is divided by 17?
16
Calculate the remainder when 2712 is divided by 19.
14
What is the remainder when 734 is divided by 3?
2
Calculate the remainder when 106 is divided by 14.
8
What is the remainder when 715 is divided by 38?
31
What is the remainder when 7504 is divided by 167?
156
What is the remainder when 105 is divided by 67?
38
What is the remainder when 1208 is divided by 168?
32
What is the remainder when 433 is divided by 14?
13
Calculate the remainder when 13913 is divided by 5.
3
What is the remainder when 335 is divided by 13?
10
What is the remainder when 1019 is divided by 253?
7
Calculate the remainder when 3697 is divided by 27.
25
What is the remainder when 349 is divided by 197?
152
Calculate the remainder when 69 is divided by 36.
33
What is the remainder when 105 is divided by 14?
7
What is the remainder when 333 is divided by 85?
78
What is the remainder when 2109 is divided by 32?
29
Calculate the remainder when 949 is divided by 254.
187
Calculate the remainder when 611 is divided by 14.
9
What is the remainder when 1131 is divided by 103?
101
Calculate the remainder when 111 is divided by 54.
3
Calculate the remainder when 453 is divided by 27.
21
What is the remainder when 4928 is divided by 58?
56
Calculate the remainder when 129 is divided by 37.
18
Calculate the remainder when 3339 is divided by 43.
28
What is the remainder when 1723 is divided by 27?
22
Calculate the remainder when 294 is divided by 15.
9
What is the remainder when 546 is divided by 141?
123
Calculate the remainder when 2017 is divided by 185.
167
Calculate the remainder when 354 is divided by 95.
69
What is the remainder when 46 is divided by 8?
6
Calculate the remainder when 983 is divided by 141.
137
What is the remainder when 219 is divided by 74?
71
Calculate the remainder when 146 is divided by 49.
48
What is the remainder when 411 is divided by 21?
12
Calculate the remainder when 762 is divided by 45.
42
Calculate the remainder when 6773 is divided by 27.
23
Calculate the remainder when 280 is divided by 49.
35
What is the remainder when 240 is divided by 19?
12
What is the remainder when 294 is divided by 33?
30
What is the remainder when 1762 is divided by 147?
145
What is the remainder when 159 is divided by 29?
14
Calculate the remainder when 31 is divided by 11.
9
Calculate the remainder when 104 is divided by 37.
30
Calculate the remainder when 1375 is divided by 172.
171
Calculate the remainder when 71 is divided by 11.
5
What is the remainder when 156 is divided by 61?
34
Calculate the remainder when 32 is divided by 3.
2
Calculate the remainder when 48 is divided by 35.
13
What is the remainder when 396 is divided by 96?
12
What is the remainder when 1529 is divided by 18?
17
What is the remainder when 567 is divided by 33?
6
Calculate the remainder when 202 is divided by 10.
2
Calculate the remainder when 61 is divided by 49.
12
Calculate the remainder when 2347 is divided by 47.
44
What is the remainder when 2471 is divided by 59?
52
Calculate the remainder when 2447 is divided by 5.
2
What is the remainder when 94 is divided by 30?
4
What is the remainder when 31 is divided by 13?
5
What is the remainder when 1007 is divided by 6?
5
Calculate the remainder when 779 is divided by 78.
77
What is the remainder when 343 is divided by 164?
15
Calculate the remainder when 19 is divided by 7.
5
Calculate the remainder when 1026 is divided by 61.
50
Calculate the remainder when 1842 is divided by 22.
16
What is the remainder when 485 is divided by 10?
5
What is the remainder when 28 is divided by 15?
13
What is the remainder when 69 is divided by 24?
21
What is the remainder when 399 is divided by 58?
51
Calculate the remainder when 4599 is divided by 59.
56
Calculate the remainder when 13903 is divided by 183.
178
What is the remainder when 785 is divided by 89?
73
What is the remainder when 1102 is divided by 46?
44
Calculate the remainder when 269 is divided by 101.
67
What is the remainder when 1234 is divided by 95?
94
What is the remainder when 260 is divided by 153?
107
Calculate the remainder when 71 is divided by 26.
19
Calculate the remainder when 66 is divided by 4.
2
What is the remainder when 267 is divided by 57?
39
Calculate the remainder when 896 is divided by 35.
21
Calculate the remainder when 1545 is divided by 514.
3
Calculate the remainder when 365 is divided by 37.
32
What is the remainder when 849 is divided by 50?
49
Calculate the remainder when 524 is divided by 170.
14
What is the remainder when 1696 is divided by 31?
22
What is the remainder when 77 is divided by 67?
10
What is the remainder when 147 is divided by 68?
11
What is the remainder when 188 is divided by 48?
44
Calculate the remainder when 219 is divided by 208.
11
What is the remainder when 217 is divided by 56?
49
Calculate the remainder when 169 is divided by 10.
9
What is the remainder when 319 is divided by 23?
20
Calculate the remainder when 102 is divided by 26.
24
What is the remainder when 548 is divided by 55?
53
What is the remainder when 997 is divided by 91?
87
What is the remainder when 10792 is divided by 14?
12
What is the remainder when 256 is divided by 20?
16
Calculate the remainder when 94 is divided by 47.
0
What is the remainder when 184 is divided by 34?
14
What is the remainder when 201 is divided by 34?
31
Calculate the remainder when 461 is divided by 457.
4
What is the remainder when 487 is divided by 472?
15
What is the remainder when 2064 is divided by 35?
34
Calculate the remainder when 597 is divided by 40.
37
Calculate the remainder when 162 is divided by 111.
51
What is the remainder when 556 is divided by 8?
4
What is the remainder when 81 is divided by 21?
18
Calculate the remainder when 270 is divided by 23.
17
Calculate the remainder when 4326 is divided by 2.
0
What is the remainder when 3742 is divided by 464?
30
What is the remainder when 236 is divided by 34?
32
Calculate the remainder when 3185 is divided by 118.
117
Calculate the remainder when 3615 is divided by 129.
3
What is the remainder when 46 is divided by 29?
17
What is the remainder when 3655 is divided by 31?
28
Calculate the remainder when 11329 is divided by 206.
205
Calculate the remainder when 289 is divided by 78.
55
Calculate the remainder when 1153 is divided by 351.
100
Calculate the remainder when 535 is divided by 53.
5
What is the remainder when 240 is divided by 83?
74
What is the remainder when 84 is divided by 9?
3
Calculate the remainder when 2124 is divided by 21.
3
What is the remainder when 255 is divided by 16?
15
What is the remainder when 1639 is divided by 8?
7
Calculate the remainder when 283 is divided by 16.
11
What is the remainder when 29 is divided by 8?
5
Calculate the remainder when 49 is divided by 32.
17
What is the remainder when 4298 is divided by 1429?
11
Calculate the remainder when 11 is divided by 1.
0
What is the remainder when 82 is divided by 41?
0
What is the remainder when 7818 is divided by 85?
83
What is the remainder when 3214 is divided by 232?
198
Calculate the remainder when 300 is divided by 17.
11
What is the remainder when 1090 is divided by 14?
12
What is the remainder when 78 is divided by 23?
9
What is the remainder when 294 is divided by 14?
0
Calculate the remainder when 1103 is divided by 14.
11
Calculate the remainder when 619 is divided by 6.
1
What is the remainder when 57 is divided by 4?
1
What is the remainder when 290 is divided by 39?
17
Calculate the remainder when 48 is divided by 13.
9
What is the remainder when 56 is divided by 19?
18
What is the remainder when 70 is divided by 56?
14
What is the remainder when 105 is divided by 18?
15
Calculate th